{"id":20341,"date":"2018-08-09T11:22:21","date_gmt":"2018-08-09T11:22:21","guid":{"rendered":"https:\/\/senegalndiaye.com\/?post_type=job_listing&#038;p=20341"},"modified":"2018-08-09T11:22:21","modified_gmt":"2018-08-09T11:22:21","slug":"galerie-memoires-africaines","status":"publish","type":"job_listing","link":"https:\/\/senegalndiaye.com\/tr\/listings\/galerie-memoires-africaines\/","title":{"rendered":"Afrika An\u0131lar\u0131 Galerisi"},"content":{"rendered":"<p>Afrika sanat\u0131nda uzmanla\u015fan Richard Cousinard, 2006&#039;da African Memories galerisini kurdu. Orada antik ve \u00e7a\u011fda\u015f Afrika sanat\u0131ndan bir se\u00e7ki sunuyor. Fosille\u015fmi\u015f dinozor kemiklerinden (60 milyon y\u0131ll\u0131k) Neolitik d\u00f6neme, soyu t\u00fckenmi\u015f b\u00fcy\u00fck uygarl\u0131klardan \u00e7anak \u00e7\u00f6mlek, kabile sanat\u0131, Sahra&#039;dan Tuareg sanat\u0131 ve g\u00fczel bir sanat eseri se\u00e7kisi ile son. \u00e7a\u011fda\u015f: Atas\u00f6z\u00fc heykel, Abanoz, Geri D\u00f6n\u00fc\u015f\u00fcm, Resim , \u00c7izim, Litografi, Foto\u011fraf, Seramik, M\u00fccevher.<\/p>\n<p><strong>Saly&#039;deki Emeraude konutunun kar\u015f\u0131s\u0131nda<\/strong><\/p>\n<p><strong>Tel: 33 957 04 01 &amp; 77 457 06 65<\/strong><\/p>","protected":false},"featured_media":20344,"comment_status":"open","ping_status":"closed","template":"","meta":{"_promoted":"","_job_location":"Saly, Senegal","_company_website":"","_company_tagline":"","_company_twitter":"","_filled":0,"_featured":0,"_remote_position":0,"_job_salary":"","_job_salary_currency":"","_job_salary_unit":""},"job-categories":[31],"job_listing_tag":[],"class_list":["post-20341","job_listing","type-job_listing","status-publish","has-post-thumbnail","hentry","job_listing_category-arts-culture"],"yoast_head":"<!-- This site is optimized with the Yoast SEO plugin v27.5 - https:\/\/yoast.com\/product\/yoast-seo-wordpress\/ -->\n<title>Galerie M\u00e9moires Africaines &#187; Senegal Ndiaye<\/title>\n<meta name=\"description\" content=\"Galerie M\u00e9moires Africaines : Sp\u00e9cialis\u00e9 en art africain, Richard Cousinard a fond\u00e9 la galerie M\u00e9moires Africaines en 2006. Il y pr\u00e9sente ainsi une s\u00e9lection d\u2019art ancien\" \/>\n<meta name=\"robots\" content=\"index, follow, max-snippet:-1, max-image-preview:large, max-video-preview:-1\" \/>\n<link rel=\"canonical\" href=\"https:\/\/senegalndiaye.com\/tr\/listings\/galerie-memoires-africaines\/\" \/>\n<meta property=\"og:locale\" content=\"tr_TR\" \/>\n<meta property=\"og:type\" content=\"article\" \/>\n<meta property=\"og:title\" content=\"Galerie M\u00e9moires Africaines &#187; Senegal Ndiaye\" \/>\n<meta property=\"og:description\" content=\"Galerie M\u00e9moires Africaines : Sp\u00e9cialis\u00e9 en art africain, Richard Cousinard a fond\u00e9 la galerie M\u00e9moires Africaines en 2006. Il y pr\u00e9sente ainsi une s\u00e9lection d\u2019art ancien\" \/>\n<meta property=\"og:url\" content=\"https:\/\/senegalndiaye.com\/tr\/listings\/galerie-memoires-africaines\/\" \/>\n<meta property=\"og:site_name\" content=\"Senegal Ndiaye\" \/>\n<meta property=\"article:publisher\" content=\"https:\/\/www.facebook.com\/senegalndiaye4\/\" \/>\n<meta property=\"og:image\" content=\"https:\/\/senegalndiaye.com\/wp-content\/uploads\/2018\/08\/memoires-africaines.jpg\" \/>\n\t<meta property=\"og:image:width\" content=\"883\" \/>\n\t<meta property=\"og:image:height\" content=\"458\" \/>\n\t<meta property=\"og:image:type\" content=\"image\/jpeg\" \/>\n<meta name=\"twitter:card\" content=\"summary_large_image\" \/>\n<meta name=\"twitter:site\" content=\"@Senegalndiaye5\" \/>\n<script type=\"application\/ld+json\" class=\"yoast-schema-graph\">{\"@context\":\"https:\\\/\\\/schema.org\",\"@graph\":[{\"@type\":\"WebPage\",\"@id\":\"https:\\\/\\\/senegalndiaye.com\\\/listings\\\/galerie-memoires-africaines\\\/\",\"url\":\"https:\\\/\\\/senegalndiaye.com\\\/listings\\\/galerie-memoires-africaines\\\/\",\"name\":\"Galerie M\u00e9moires Africaines &#187; Senegal Ndiaye\",\"isPartOf\":{\"@id\":\"https:\\\/\\\/senegalndiaye.com\\\/#website\"},\"primaryImageOfPage\":{\"@id\":\"https:\\\/\\\/senegalndiaye.com\\\/listings\\\/galerie-memoires-africaines\\\/#primaryimage\"},\"image\":{\"@id\":\"https:\\\/\\\/senegalndiaye.com\\\/listings\\\/galerie-memoires-africaines\\\/#primaryimage\"},\"thumbnailUrl\":\"https:\\\/\\\/i0.wp.com\\\/senegalndiaye.com\\\/wp-content\\\/uploads\\\/2018\\\/08\\\/memoires-africaines.jpg?fit=883%2C458&ssl=1\",\"datePublished\":\"2018-08-09T11:22:21+00:00\",\"description\":\"Galerie M\u00e9moires Africaines : Sp\u00e9cialis\u00e9 en art africain, Richard Cousinard a fond\u00e9 la galerie M\u00e9moires Africaines en 2006. Il y pr\u00e9sente ainsi une s\u00e9lection d\u2019art ancien\",\"breadcrumb\":{\"@id\":\"https:\\\/\\\/senegalndiaye.com\\\/listings\\\/galerie-memoires-africaines\\\/#breadcrumb\"},\"inLanguage\":\"tr\",\"potentialAction\":[{\"@type\":\"ReadAction\",\"target\":[\"https:\\\/\\\/senegalndiaye.com\\\/listings\\\/galerie-memoires-africaines\\\/\"]}]},{\"@type\":\"ImageObject\",\"inLanguage\":\"tr\",\"@id\":\"https:\\\/\\\/senegalndiaye.com\\\/listings\\\/galerie-memoires-africaines\\\/#primaryimage\",\"url\":\"https:\\\/\\\/i0.wp.com\\\/senegalndiaye.com\\\/wp-content\\\/uploads\\\/2018\\\/08\\\/memoires-africaines.jpg?fit=883%2C458&ssl=1\",\"contentUrl\":\"https:\\\/\\\/i0.wp.com\\\/senegalndiaye.com\\\/wp-content\\\/uploads\\\/2018\\\/08\\\/memoires-africaines.jpg?fit=883%2C458&ssl=1\",\"width\":883,\"height\":458},{\"@type\":\"BreadcrumbList\",\"@id\":\"https:\\\/\\\/senegalndiaye.com\\\/listings\\\/galerie-memoires-africaines\\\/#breadcrumb\",\"itemListElement\":[{\"@type\":\"ListItem\",\"position\":1,\"name\":\"Accueil\",\"item\":\"https:\\\/\\\/senegalndiaye.com\\\/\"},{\"@type\":\"ListItem\",\"position\":2,\"name\":\"Lieux\",\"item\":\"https:\\\/\\\/senegalndiaye.com\\\/tous-les-lieux\\\/\"},{\"@type\":\"ListItem\",\"position\":3,\"name\":\"Galerie M\u00e9moires Africaines\"}]},{\"@type\":\"WebSite\",\"@id\":\"https:\\\/\\\/senegalndiaye.com\\\/#website\",\"url\":\"https:\\\/\\\/senegalndiaye.com\\\/\",\"name\":\"Senegal Ndiaye\",\"description\":\"Retrouvez les meilleurs endroits du S\u00e9n\u00e9gal\",\"publisher\":{\"@id\":\"https:\\\/\\\/senegalndiaye.com\\\/#organization\"},\"potentialAction\":[{\"@type\":\"SearchAction\",\"target\":{\"@type\":\"EntryPoint\",\"urlTemplate\":\"https:\\\/\\\/senegalndiaye.com\\\/?s={search_term_string}\"},\"query-input\":{\"@type\":\"PropertyValueSpecification\",\"valueRequired\":true,\"valueName\":\"search_term_string\"}}],\"inLanguage\":\"tr\"},{\"@type\":\"Organization\",\"@id\":\"https:\\\/\\\/senegalndiaye.com\\\/#organization\",\"name\":\"Senegal Ndiaye\",\"url\":\"https:\\\/\\\/senegalndiaye.com\\\/\",\"logo\":{\"@type\":\"ImageObject\",\"inLanguage\":\"tr\",\"@id\":\"https:\\\/\\\/senegalndiaye.com\\\/#\\\/schema\\\/logo\\\/image\\\/\",\"url\":\"https:\\\/\\\/senegalndiaye.com\\\/wp-content\\\/uploads\\\/2018\\\/05\\\/senegalndiaye_logo.png\",\"contentUrl\":\"https:\\\/\\\/senegalndiaye.com\\\/wp-content\\\/uploads\\\/2018\\\/05\\\/senegalndiaye_logo.png\",\"width\":150,\"height\":106,\"caption\":\"Senegal Ndiaye\"},\"image\":{\"@id\":\"https:\\\/\\\/senegalndiaye.com\\\/#\\\/schema\\\/logo\\\/image\\\/\"},\"sameAs\":[\"https:\\\/\\\/www.facebook.com\\\/senegalndiaye4\\\/\",\"https:\\\/\\\/x.com\\\/Senegalndiaye5\",\"https:\\\/\\\/www.instagram.com\\\/senegalndiaye1\\\/\",\"https:\\\/\\\/www.linkedin.com\\\/company\\\/senegal-ndiaye\\\/\"]}]}<\/script>\n<!-- \/ Yoast SEO plugin. -->","yoast_head_json":{"title":"Afrika An\u0131lar\u0131 Galerisi \u00bb Senegal Ndiaye","description":"Afrika An\u0131lar\u0131 Galerisi: Afrika sanat\u0131nda uzmanla\u015fan Richard Cousinard, 2006 y\u0131l\u0131nda Afrika An\u0131lar\u0131 galerisini kurdu. B\u00f6ylece antik sanattan bir se\u00e7ki sunuyor.","robots":{"index":"index","follow":"follow","max-snippet":"max-snippet:-1","max-image-preview":"max-image-preview:large","max-video-preview":"max-video-preview:-1"},"canonical":"https:\/\/senegalndiaye.com\/tr\/listings\/galerie-memoires-africaines\/","og_locale":"tr_TR","og_type":"article","og_title":"Galerie M\u00e9moires Africaines &#187; Senegal Ndiaye","og_description":"Galerie M\u00e9moires Africaines : Sp\u00e9cialis\u00e9 en art africain, Richard Cousinard a fond\u00e9 la galerie M\u00e9moires Africaines en 2006. Il y pr\u00e9sente ainsi une s\u00e9lection d\u2019art ancien","og_url":"https:\/\/senegalndiaye.com\/tr\/listings\/galerie-memoires-africaines\/","og_site_name":"Senegal Ndiaye","article_publisher":"https:\/\/www.facebook.com\/senegalndiaye4\/","og_image":[{"width":883,"height":458,"url":"https:\/\/senegalndiaye.com\/wp-content\/uploads\/2018\/08\/memoires-africaines.jpg","type":"image\/jpeg"}],"twitter_card":"summary_large_image","twitter_site":"@Senegalndiaye5","schema":{"@context":"https:\/\/schema.org","@graph":[{"@type":"WebPage","@id":"https:\/\/senegalndiaye.com\/listings\/galerie-memoires-africaines\/","url":"https:\/\/senegalndiaye.com\/listings\/galerie-memoires-africaines\/","name":"Afrika An\u0131lar\u0131 Galerisi \u00bb Senegal Ndiaye","isPartOf":{"@id":"https:\/\/senegalndiaye.com\/#website"},"primaryImageOfPage":{"@id":"https:\/\/senegalndiaye.com\/listings\/galerie-memoires-africaines\/#primaryimage"},"image":{"@id":"https:\/\/senegalndiaye.com\/listings\/galerie-memoires-africaines\/#primaryimage"},"thumbnailUrl":"https:\/\/i0.wp.com\/senegalndiaye.com\/wp-content\/uploads\/2018\/08\/memoires-africaines.jpg?fit=883%2C458&ssl=1","datePublished":"2018-08-09T11:22:21+00:00","description":"Afrika An\u0131lar\u0131 Galerisi: Afrika sanat\u0131nda uzmanla\u015fan Richard Cousinard, 2006 y\u0131l\u0131nda Afrika An\u0131lar\u0131 galerisini kurdu. B\u00f6ylece antik sanattan bir se\u00e7ki sunuyor.","breadcrumb":{"@id":"https:\/\/senegalndiaye.com\/listings\/galerie-memoires-africaines\/#breadcrumb"},"inLanguage":"tr","potentialAction":[{"@type":"ReadAction","target":["https:\/\/senegalndiaye.com\/listings\/galerie-memoires-africaines\/"]}]},{"@type":"ImageObject","inLanguage":"tr","@id":"https:\/\/senegalndiaye.com\/listings\/galerie-memoires-africaines\/#primaryimage","url":"https:\/\/i0.wp.com\/senegalndiaye.com\/wp-content\/uploads\/2018\/08\/memoires-africaines.jpg?fit=883%2C458&ssl=1","contentUrl":"https:\/\/i0.wp.com\/senegalndiaye.com\/wp-content\/uploads\/2018\/08\/memoires-africaines.jpg?fit=883%2C458&ssl=1","width":883,"height":458},{"@type":"BreadcrumbList","@id":"https:\/\/senegalndiaye.com\/listings\/galerie-memoires-africaines\/#breadcrumb","itemListElement":[{"@type":"ListItem","position":1,"name":"Accueil","item":"https:\/\/senegalndiaye.com\/"},{"@type":"ListItem","position":2,"name":"Lieux","item":"https:\/\/senegalndiaye.com\/tous-les-lieux\/"},{"@type":"ListItem","position":3,"name":"Galerie M\u00e9moires Africaines"}]},{"@type":"WebSite","@id":"https:\/\/senegalndiaye.com\/#website","url":"https:\/\/senegalndiaye.com\/","name":"Senegal Ndiaye","description":"Senegal&#039;deki en iyi yerleri bulun","publisher":{"@id":"https:\/\/senegalndiaye.com\/#organization"},"potentialAction":[{"@type":"SearchAction","target":{"@type":"EntryPoint","urlTemplate":"https:\/\/senegalndiaye.com\/?s={search_term_string}"},"query-input":{"@type":"PropertyValueSpecification","valueRequired":true,"valueName":"search_term_string"}}],"inLanguage":"tr"},{"@type":"Organization","@id":"https:\/\/senegalndiaye.com\/#organization","name":"Senegal Ndiaye","url":"https:\/\/senegalndiaye.com\/","logo":{"@type":"ImageObject","inLanguage":"tr","@id":"https:\/\/senegalndiaye.com\/#\/schema\/logo\/image\/","url":"https:\/\/senegalndiaye.com\/wp-content\/uploads\/2018\/05\/senegalndiaye_logo.png","contentUrl":"https:\/\/senegalndiaye.com\/wp-content\/uploads\/2018\/05\/senegalndiaye_logo.png","width":150,"height":106,"caption":"Senegal Ndiaye"},"image":{"@id":"https:\/\/senegalndiaye.com\/#\/schema\/logo\/image\/"},"sameAs":["https:\/\/www.facebook.com\/senegalndiaye4\/","https:\/\/x.com\/Senegalndiaye5","https:\/\/www.instagram.com\/senegalndiaye1\/","https:\/\/www.linkedin.com\/company\/senegal-ndiaye\/"]}]}},"jetpack_sharing_enabled":true,"_links":{"self":[{"href":"https:\/\/senegalndiaye.com\/tr\/wp-json\/wp\/v2\/job-listings\/20341","targetHints":{"allow":["GET"]}}],"collection":[{"href":"https:\/\/senegalndiaye.com\/tr\/wp-json\/wp\/v2\/job-listings"}],"about":[{"href":"https:\/\/senegalndiaye.com\/tr\/wp-json\/wp\/v2\/types\/job_listing"}],"replies":[{"embeddable":true,"href":"https:\/\/senegalndiaye.com\/tr\/wp-json\/wp\/v2\/comments?post=20341"}],"wp:featuredmedia":[{"embeddable":true,"href":"https:\/\/senegalndiaye.com\/tr\/wp-json\/wp\/v2\/media\/20344"}],"wp:attachment":[{"href":"https:\/\/senegalndiaye.com\/tr\/wp-json\/wp\/v2\/media?parent=20341"}],"wp:term":[{"taxonomy":"job_listing_category","embeddable":true,"href":"https:\/\/senegalndiaye.com\/tr\/wp-json\/wp\/v2\/job-categories?post=20341"},{"taxonomy":"job_listing_tag","embeddable":true,"href":"https:\/\/senegalndiaye.com\/tr\/wp-json\/wp\/v2\/job_listing_tag?post=20341"}],"curies":[{"name":"wp","href":"https:\/\/api.w.org\/{rel}","templated":true}]}}

Afrika Anıları Galerisi

<p>Afrika sanatında uzmanlaşan Richard Cousinard, 2006&#039;da African Memories galerisini kurdu. Orada antik ve çağdaş Afrika sanatından bir seçki sunuyor. Fosilleşmiş dinozor kemiklerinden (60 milyon yıllık) Neolitik döneme, soyu tükenmiş büyük uygarlıklardan çanak çömlek, kabile sanatı, Sahra&#039;dan Tuareg sanatı ve güzel bir sanat eseri seçkisi ile son. çağdaş: Atasözü heykel, Abanoz, Geri Dönüşüm, Resim , Çizim, Litografi, Fotoğraf, Seramik, Mücevher.</p>
<p><strong>Saly&#039;deki Emeraude konutunun karşısında</strong></p>
<p><strong>Tel: 33 957 04 01 &amp; 77 457 06 65</strong></p>

<!-- This site is optimized with the Yoast SEO plugin v27.5 - https://yoast.com/product/yoast-seo-wordpress/ -->
<title>Galerie Mémoires Africaines &#187; Senegal Ndiaye</title>
<meta name="description" content="Galerie Mémoires Africaines : Spécialisé en art africain, Richard Cousinard a fondé la galerie Mémoires Africaines en 2006. Il y présente ainsi une sélection d’art ancien" />
<meta name="robots" content="index, follow, max-snippet:-1, max-image-preview:large, max-video-preview:-1" />
<link rel="canonical" href="https://senegalndiaye.com/tr/listings/galerie-memoires-africaines/" />
<meta property="og:locale" content="tr_TR" />
<meta property="og:type" content="article" />
<meta property="og:title" content="Galerie Mémoires Africaines &#187; Senegal Ndiaye" />
<meta property="og:description" content="Galerie Mémoires Africaines : Spécialisé en art africain, Richard Cousinard a fondé la galerie Mémoires Africaines en 2006. Il y présente ainsi une sélection d’art ancien" />
<meta property="og:url" content="https://senegalndiaye.com/tr/listings/galerie-memoires-africaines/" />
<meta property="og:site_name" content="Senegal Ndiaye" />
<meta property="article:publisher" content="https://www.facebook.com/senegalndiaye4/" />
<meta property="og:image" content="https://senegalndiaye.com/wp-content/uploads/2018/08/memoires-africaines.jpg" />
	<meta property="og:image:width" content="883" />
	<meta property="og:image:height" content="458" />
	<meta property="og:image:type" content="image/jpeg" />
<meta name="twitter:card" content="summary_large_image" />
<meta name="twitter:site" content="@Senegalndiaye5" />
<script type="application/ld+json" class="yoast-schema-graph">{"@context":"https:\/\/schema.org","@graph":[{"@type":"WebPage","@id":"https:\/\/senegalndiaye.com\/listings\/galerie-memoires-africaines\/","url":"https:\/\/senegalndiaye.com\/listings\/galerie-memoires-africaines\/","name":"Galerie Mémoires Africaines &#187; Senegal Ndiaye","isPartOf":{"@id":"https:\/\/senegalndiaye.com\/#website"},"primaryImageOfPage":{"@id":"https:\/\/senegalndiaye.com\/listings\/galerie-memoires-africaines\/#primaryimage"},"image":{"@id":"https:\/\/senegalndiaye.com\/listings\/galerie-memoires-africaines\/#primaryimage"},"thumbnailUrl":"https:\/\/i0.wp.com\/senegalndiaye.com\/wp-content\/uploads\/2018\/08\/memoires-africaines.jpg?fit=883%2C458&ssl=1","datePublished":"2018-08-09T11:22:21+00:00","description":"Galerie Mémoires Africaines : Spécialisé en art africain, Richard Cousinard a fondé la galerie Mémoires Africaines en 2006. Il y présente ainsi une sélection d’art ancien","breadcrumb":{"@id":"https:\/\/senegalndiaye.com\/listings\/galerie-memoires-africaines\/#breadcrumb"},"inLanguage":"tr","potentialAction":[{"@type":"ReadAction","target":["https:\/\/senegalndiaye.com\/listings\/galerie-memoires-africaines\/"]}]},{"@type":"ImageObject","inLanguage":"tr","@id":"https:\/\/senegalndiaye.com\/listings\/galerie-memoires-africaines\/#primaryimage","url":"https:\/\/i0.wp.com\/senegalndiaye.com\/wp-content\/uploads\/2018\/08\/memoires-africaines.jpg?fit=883%2C458&ssl=1","contentUrl":"https:\/\/i0.wp.com\/senegalndiaye.com\/wp-content\/uploads\/2018\/08\/memoires-africaines.jpg?fit=883%2C458&ssl=1","width":883,"height":458},{"@type":"BreadcrumbList","@id":"https:\/\/senegalndiaye.com\/listings\/galerie-memoires-africaines\/#breadcrumb","itemListElement":[{"@type":"ListItem","position":1,"name":"Accueil","item":"https:\/\/senegalndiaye.com\/"},{"@type":"ListItem","position":2,"name":"Lieux","item":"https:\/\/senegalndiaye.com\/tous-les-lieux\/"},{"@type":"ListItem","position":3,"name":"Galerie Mémoires Africaines"}]},{"@type":"WebSite","@id":"https:\/\/senegalndiaye.com\/#website","url":"https:\/\/senegalndiaye.com\/","name":"Senegal Ndiaye","description":"Retrouvez les meilleurs endroits du Sénégal","publisher":{"@id":"https:\/\/senegalndiaye.com\/#organization"},"potentialAction":[{"@type":"SearchAction","target":{"@type":"EntryPoint","urlTemplate":"https:\/\/senegalndiaye.com\/?s={search_term_string}"},"query-input":{"@type":"PropertyValueSpecification","valueRequired":true,"valueName":"search_term_string"}}],"inLanguage":"tr"},{"@type":"Organization","@id":"https:\/\/senegalndiaye.com\/#organization","name":"Senegal Ndiaye","url":"https:\/\/senegalndiaye.com\/","logo":{"@type":"ImageObject","inLanguage":"tr","@id":"https:\/\/senegalndiaye.com\/#\/schema\/logo\/image\/","url":"https:\/\/senegalndiaye.com\/wp-content\/uploads\/2018\/05\/senegalndiaye_logo.png","contentUrl":"https:\/\/senegalndiaye.com\/wp-content\/uploads\/2018\/05\/senegalndiaye_logo.png","width":150,"height":106,"caption":"Senegal Ndiaye"},"image":{"@id":"https:\/\/senegalndiaye.com\/#\/schema\/logo\/image\/"},"sameAs":["https:\/\/www.facebook.com\/senegalndiaye4\/","https:\/\/x.com\/Senegalndiaye5","https:\/\/www.instagram.com\/senegalndiaye1\/","https:\/\/www.linkedin.com\/company\/senegal-ndiaye\/"]}]}</script>
<!-- / Yoast SEO plugin. -->

Afrika Anıları Galerisi » Senegal Ndiaye

Afrika Anıları Galerisi: Afrika sanatında uzmanlaşan Richard Cousinard, 2006 yılında Afrika Anıları galerisini kurdu. Böylece antik sanattan bir seçki sunuyor.

Galerie Mémoires Africaines &#187; Senegal Ndiaye

Galerie Mémoires Africaines : Spécialisé en art africain, Richard Cousinard a fondé la galerie Mémoires Africaines en 2006. Il y présente ainsi une sélection d’art ancien

Galerie Mémoires Africaines
