{"id":19731,"date":"2018-06-04T14:48:13","date_gmt":"2018-06-04T14:48:13","guid":{"rendered":"https:\/\/senegalndiaye.com\/?post_type=job_listing&#038;p=19731"},"modified":"2018-06-04T14:48:13","modified_gmt":"2018-06-04T14:48:13","slug":"la-place-du-souvenir-africain","status":"publish","type":"job_listing","link":"https:\/\/senegalndiaye.com\/es\/listings\/la-place-du-souvenir-africain\/","title":{"rendered":"El lugar de la memoria africana"},"content":{"rendered":"<p>Inaugurado en junio de 2009 y lugar de encuentro para dar y recibir de los negros y la di\u00e1spora, el lugar de la memoria africana es un marco para la convergencia de la comunicaci\u00f3n y los intercambios culturales, cient\u00edficos e intelectuales, pero tambi\u00e9n para la documentaci\u00f3n sobre grandes personajes hist\u00f3ricos e intelectuales. del mundo negro. Est\u00e1 ubicado en West Corniche m\u00e1s precisamente en la esquina de Rue Aim\u00e9 C\u00e9saire y encierra en su interior la memoria de los pueblos negros, sus m\u00e1rtires, activistas y s\u00edmbolos de la dignidad africana. Una amplia explanada enfrenta al mar con cuencas que terminan con un mapa monumental de \u00c1frica. La explanada est\u00e1 enmarcada por modernos edificios, un auditorio y dos panteones que albergan la biblioteca y salas de exposiciones. Los paneles presentan a todos los h\u00e9roes africanos y de la di\u00e1spora. Cada mes se organiza un gran memorial en memoria de los grandes hombres que han marcado la historia de \u00c1frica y la di\u00e1spora. Hay buen ambiente todas las noches con grupos folcl\u00f3ricos, artistas de cultura urbana y muchos eventos se organizan en el sitio.<\/p>","protected":false},"featured_media":19798,"comment_status":"open","ping_status":"closed","template":"","meta":{"_promoted":"","_job_location":"Corniche Ouest derri\u00e8re le Sea plaza","_company_website":"","_company_tagline":"","_company_twitter":"","_filled":0,"_featured":0,"_remote_position":0,"_job_salary":"","_job_salary_currency":"","_job_salary_unit":""},"job-categories":[31,82],"job_listing_tag":[],"class_list":["post-19731","job_listing","type-job_listing","status-publish","has-post-thumbnail","hentry","job_listing_category-arts-culture","job_listing_category-sports-et-loisirs"],"yoast_head":"<!-- This site is optimized with the Yoast SEO plugin v27.5 - https:\/\/yoast.com\/product\/yoast-seo-wordpress\/ -->\n<title>La place du souvenir Africain &#187; Senegal Ndiaye<\/title>\n<meta name=\"description\" content=\"La place du souvenir Africain : Inaugur\u00e9 en juin 2009 et lieu de rendez-vous du donner et du recevoir du peuple noir et de la diaspora, la place du souvenir africain est un cadre de convergences de communication et d\u2019\u00e9changes culturels\" \/>\n<meta name=\"robots\" content=\"index, follow, max-snippet:-1, max-image-preview:large, max-video-preview:-1\" \/>\n<link rel=\"canonical\" href=\"https:\/\/senegalndiaye.com\/es\/listings\/la-place-du-souvenir-africain\/\" \/>\n<meta property=\"og:locale\" content=\"es_ES\" \/>\n<meta property=\"og:type\" content=\"article\" \/>\n<meta property=\"og:title\" content=\"La place du souvenir Africain &#187; Senegal Ndiaye\" \/>\n<meta property=\"og:description\" content=\"La place du souvenir Africain : Inaugur\u00e9 en juin 2009 et lieu de rendez-vous du donner et du recevoir du peuple noir et de la diaspora, la place du souvenir africain est un cadre de convergences de communication et d\u2019\u00e9changes culturels\" \/>\n<meta property=\"og:url\" content=\"https:\/\/senegalndiaye.com\/es\/listings\/la-place-du-souvenir-africain\/\" \/>\n<meta property=\"og:site_name\" content=\"Senegal Ndiaye\" \/>\n<meta property=\"article:publisher\" content=\"https:\/\/www.facebook.com\/senegalndiaye4\/\" \/>\n<meta property=\"og:image\" content=\"https:\/\/senegalndiaye.com\/wp-content\/uploads\/2018\/05\/place-du-souvenir-dakar.jpg\" \/>\n\t<meta property=\"og:image:width\" content=\"681\" \/>\n\t<meta property=\"og:image:height\" content=\"450\" \/>\n\t<meta property=\"og:image:type\" content=\"image\/jpeg\" \/>\n<meta name=\"twitter:card\" content=\"summary_large_image\" \/>\n<meta name=\"twitter:site\" content=\"@Senegalndiaye5\" \/>\n<meta name=\"twitter:label1\" content=\"Tiempo de lectura\" \/>\n\t<meta name=\"twitter:data1\" content=\"1 minuto\" \/>\n<script type=\"application\/ld+json\" class=\"yoast-schema-graph\">{\"@context\":\"https:\\\/\\\/schema.org\",\"@graph\":[{\"@type\":\"WebPage\",\"@id\":\"https:\\\/\\\/senegalndiaye.com\\\/listings\\\/la-place-du-souvenir-africain\\\/\",\"url\":\"https:\\\/\\\/senegalndiaye.com\\\/listings\\\/la-place-du-souvenir-africain\\\/\",\"name\":\"La place du souvenir Africain &#187; Senegal Ndiaye\",\"isPartOf\":{\"@id\":\"https:\\\/\\\/senegalndiaye.com\\\/#website\"},\"primaryImageOfPage\":{\"@id\":\"https:\\\/\\\/senegalndiaye.com\\\/listings\\\/la-place-du-souvenir-africain\\\/#primaryimage\"},\"image\":{\"@id\":\"https:\\\/\\\/senegalndiaye.com\\\/listings\\\/la-place-du-souvenir-africain\\\/#primaryimage\"},\"thumbnailUrl\":\"https:\\\/\\\/i0.wp.com\\\/senegalndiaye.com\\\/wp-content\\\/uploads\\\/2018\\\/05\\\/place-du-souvenir-dakar.jpg?fit=681%2C450&ssl=1\",\"datePublished\":\"2018-06-04T14:48:13+00:00\",\"description\":\"La place du souvenir Africain : Inaugur\u00e9 en juin 2009 et lieu de rendez-vous du donner et du recevoir du peuple noir et de la diaspora, la place du souvenir africain est un cadre de convergences de communication et d\u2019\u00e9changes culturels\",\"breadcrumb\":{\"@id\":\"https:\\\/\\\/senegalndiaye.com\\\/listings\\\/la-place-du-souvenir-africain\\\/#breadcrumb\"},\"inLanguage\":\"es\",\"potentialAction\":[{\"@type\":\"ReadAction\",\"target\":[\"https:\\\/\\\/senegalndiaye.com\\\/listings\\\/la-place-du-souvenir-africain\\\/\"]}]},{\"@type\":\"ImageObject\",\"inLanguage\":\"es\",\"@id\":\"https:\\\/\\\/senegalndiaye.com\\\/listings\\\/la-place-du-souvenir-africain\\\/#primaryimage\",\"url\":\"https:\\\/\\\/i0.wp.com\\\/senegalndiaye.com\\\/wp-content\\\/uploads\\\/2018\\\/05\\\/place-du-souvenir-dakar.jpg?fit=681%2C450&ssl=1\",\"contentUrl\":\"https:\\\/\\\/i0.wp.com\\\/senegalndiaye.com\\\/wp-content\\\/uploads\\\/2018\\\/05\\\/place-du-souvenir-dakar.jpg?fit=681%2C450&ssl=1\",\"width\":681,\"height\":450,\"caption\":\"place du souvenir africain\"},{\"@type\":\"BreadcrumbList\",\"@id\":\"https:\\\/\\\/senegalndiaye.com\\\/listings\\\/la-place-du-souvenir-africain\\\/#breadcrumb\",\"itemListElement\":[{\"@type\":\"ListItem\",\"position\":1,\"name\":\"Accueil\",\"item\":\"https:\\\/\\\/senegalndiaye.com\\\/\"},{\"@type\":\"ListItem\",\"position\":2,\"name\":\"Lieux\",\"item\":\"https:\\\/\\\/senegalndiaye.com\\\/tous-les-lieux\\\/\"},{\"@type\":\"ListItem\",\"position\":3,\"name\":\"La place du souvenir Africain\"}]},{\"@type\":\"WebSite\",\"@id\":\"https:\\\/\\\/senegalndiaye.com\\\/#website\",\"url\":\"https:\\\/\\\/senegalndiaye.com\\\/\",\"name\":\"Senegal Ndiaye\",\"description\":\"Retrouvez les meilleurs endroits du S\u00e9n\u00e9gal\",\"publisher\":{\"@id\":\"https:\\\/\\\/senegalndiaye.com\\\/#organization\"},\"potentialAction\":[{\"@type\":\"SearchAction\",\"target\":{\"@type\":\"EntryPoint\",\"urlTemplate\":\"https:\\\/\\\/senegalndiaye.com\\\/?s={search_term_string}\"},\"query-input\":{\"@type\":\"PropertyValueSpecification\",\"valueRequired\":true,\"valueName\":\"search_term_string\"}}],\"inLanguage\":\"es\"},{\"@type\":\"Organization\",\"@id\":\"https:\\\/\\\/senegalndiaye.com\\\/#organization\",\"name\":\"Senegal Ndiaye\",\"url\":\"https:\\\/\\\/senegalndiaye.com\\\/\",\"logo\":{\"@type\":\"ImageObject\",\"inLanguage\":\"es\",\"@id\":\"https:\\\/\\\/senegalndiaye.com\\\/#\\\/schema\\\/logo\\\/image\\\/\",\"url\":\"https:\\\/\\\/senegalndiaye.com\\\/wp-content\\\/uploads\\\/2018\\\/05\\\/senegalndiaye_logo.png\",\"contentUrl\":\"https:\\\/\\\/senegalndiaye.com\\\/wp-content\\\/uploads\\\/2018\\\/05\\\/senegalndiaye_logo.png\",\"width\":150,\"height\":106,\"caption\":\"Senegal Ndiaye\"},\"image\":{\"@id\":\"https:\\\/\\\/senegalndiaye.com\\\/#\\\/schema\\\/logo\\\/image\\\/\"},\"sameAs\":[\"https:\\\/\\\/www.facebook.com\\\/senegalndiaye4\\\/\",\"https:\\\/\\\/x.com\\\/Senegalndiaye5\",\"https:\\\/\\\/www.instagram.com\\\/senegalndiaye1\\\/\",\"https:\\\/\\\/www.linkedin.com\\\/company\\\/senegal-ndiaye\\\/\"]}]}<\/script>\n<!-- \/ Yoast SEO plugin. -->","yoast_head_json":{"title":"El lugar del recuerdo africano \u00bb Senegal Ndiaye","description":"El lugar de la memoria africana: Inaugurado en junio de 2009 y un lugar de encuentro para dar y recibir de los negros y la di\u00e1spora, el lugar de la memoria africana es un marco para la convergencia de la comunicaci\u00f3n y los intercambios culturales.","robots":{"index":"index","follow":"follow","max-snippet":"max-snippet:-1","max-image-preview":"max-image-preview:large","max-video-preview":"max-video-preview:-1"},"canonical":"https:\/\/senegalndiaye.com\/es\/listings\/la-place-du-souvenir-africain\/","og_locale":"es_ES","og_type":"article","og_title":"La place du souvenir Africain &#187; Senegal Ndiaye","og_description":"La place du souvenir Africain : Inaugur\u00e9 en juin 2009 et lieu de rendez-vous du donner et du recevoir du peuple noir et de la diaspora, la place du souvenir africain est un cadre de convergences de communication et d\u2019\u00e9changes culturels","og_url":"https:\/\/senegalndiaye.com\/es\/listings\/la-place-du-souvenir-africain\/","og_site_name":"Senegal Ndiaye","article_publisher":"https:\/\/www.facebook.com\/senegalndiaye4\/","og_image":[{"width":681,"height":450,"url":"https:\/\/senegalndiaye.com\/wp-content\/uploads\/2018\/05\/place-du-souvenir-dakar.jpg","type":"image\/jpeg"}],"twitter_card":"summary_large_image","twitter_site":"@Senegalndiaye5","twitter_misc":{"Tiempo de lectura":"1 minuto"},"schema":{"@context":"https:\/\/schema.org","@graph":[{"@type":"WebPage","@id":"https:\/\/senegalndiaye.com\/listings\/la-place-du-souvenir-africain\/","url":"https:\/\/senegalndiaye.com\/listings\/la-place-du-souvenir-africain\/","name":"El lugar del recuerdo africano \u00bb Senegal Ndiaye","isPartOf":{"@id":"https:\/\/senegalndiaye.com\/#website"},"primaryImageOfPage":{"@id":"https:\/\/senegalndiaye.com\/listings\/la-place-du-souvenir-africain\/#primaryimage"},"image":{"@id":"https:\/\/senegalndiaye.com\/listings\/la-place-du-souvenir-africain\/#primaryimage"},"thumbnailUrl":"https:\/\/i0.wp.com\/senegalndiaye.com\/wp-content\/uploads\/2018\/05\/place-du-souvenir-dakar.jpg?fit=681%2C450&ssl=1","datePublished":"2018-06-04T14:48:13+00:00","description":"El lugar de la memoria africana: Inaugurado en junio de 2009 y un lugar de encuentro para dar y recibir de los negros y la di\u00e1spora, el lugar de la memoria africana es un marco para la convergencia de la comunicaci\u00f3n y los intercambios culturales.","breadcrumb":{"@id":"https:\/\/senegalndiaye.com\/listings\/la-place-du-souvenir-africain\/#breadcrumb"},"inLanguage":"es","potentialAction":[{"@type":"ReadAction","target":["https:\/\/senegalndiaye.com\/listings\/la-place-du-souvenir-africain\/"]}]},{"@type":"ImageObject","inLanguage":"es","@id":"https:\/\/senegalndiaye.com\/listings\/la-place-du-souvenir-africain\/#primaryimage","url":"https:\/\/i0.wp.com\/senegalndiaye.com\/wp-content\/uploads\/2018\/05\/place-du-souvenir-dakar.jpg?fit=681%2C450&ssl=1","contentUrl":"https:\/\/i0.wp.com\/senegalndiaye.com\/wp-content\/uploads\/2018\/05\/place-du-souvenir-dakar.jpg?fit=681%2C450&ssl=1","width":681,"height":450,"caption":"place du souvenir africain"},{"@type":"BreadcrumbList","@id":"https:\/\/senegalndiaye.com\/listings\/la-place-du-souvenir-africain\/#breadcrumb","itemListElement":[{"@type":"ListItem","position":1,"name":"Accueil","item":"https:\/\/senegalndiaye.com\/"},{"@type":"ListItem","position":2,"name":"Lieux","item":"https:\/\/senegalndiaye.com\/tous-les-lieux\/"},{"@type":"ListItem","position":3,"name":"La place du souvenir Africain"}]},{"@type":"WebSite","@id":"https:\/\/senegalndiaye.com\/#website","url":"https:\/\/senegalndiaye.com\/","name":"senegal ndiaye","description":"Encuentra los mejores lugares en Senegal","publisher":{"@id":"https:\/\/senegalndiaye.com\/#organization"},"potentialAction":[{"@type":"SearchAction","target":{"@type":"EntryPoint","urlTemplate":"https:\/\/senegalndiaye.com\/?s={search_term_string}"},"query-input":{"@type":"PropertyValueSpecification","valueRequired":true,"valueName":"search_term_string"}}],"inLanguage":"es"},{"@type":"Organization","@id":"https:\/\/senegalndiaye.com\/#organization","name":"senegal ndiaye","url":"https:\/\/senegalndiaye.com\/","logo":{"@type":"ImageObject","inLanguage":"es","@id":"https:\/\/senegalndiaye.com\/#\/schema\/logo\/image\/","url":"https:\/\/senegalndiaye.com\/wp-content\/uploads\/2018\/05\/senegalndiaye_logo.png","contentUrl":"https:\/\/senegalndiaye.com\/wp-content\/uploads\/2018\/05\/senegalndiaye_logo.png","width":150,"height":106,"caption":"Senegal Ndiaye"},"image":{"@id":"https:\/\/senegalndiaye.com\/#\/schema\/logo\/image\/"},"sameAs":["https:\/\/www.facebook.com\/senegalndiaye4\/","https:\/\/x.com\/Senegalndiaye5","https:\/\/www.instagram.com\/senegalndiaye1\/","https:\/\/www.linkedin.com\/company\/senegal-ndiaye\/"]}]}},"jetpack_sharing_enabled":true,"_links":{"self":[{"href":"https:\/\/senegalndiaye.com\/es\/wp-json\/wp\/v2\/job-listings\/19731","targetHints":{"allow":["GET"]}}],"collection":[{"href":"https:\/\/senegalndiaye.com\/es\/wp-json\/wp\/v2\/job-listings"}],"about":[{"href":"https:\/\/senegalndiaye.com\/es\/wp-json\/wp\/v2\/types\/job_listing"}],"replies":[{"embeddable":true,"href":"https:\/\/senegalndiaye.com\/es\/wp-json\/wp\/v2\/comments?post=19731"}],"wp:featuredmedia":[{"embeddable":true,"href":"https:\/\/senegalndiaye.com\/es\/wp-json\/wp\/v2\/media\/19798"}],"wp:attachment":[{"href":"https:\/\/senegalndiaye.com\/es\/wp-json\/wp\/v2\/media?parent=19731"}],"wp:term":[{"taxonomy":"job_listing_category","embeddable":true,"href":"https:\/\/senegalndiaye.com\/es\/wp-json\/wp\/v2\/job-categories?post=19731"},{"taxonomy":"job_listing_tag","embeddable":true,"href":"https:\/\/senegalndiaye.com\/es\/wp-json\/wp\/v2\/job_listing_tag?post=19731"}],"curies":[{"name":"gracias","href":"https:\/\/api.w.org\/{rel}","templated":true}]}}

<p>Inaugurado en junio de 2009 y lugar de encuentro para dar y recibir de los negros y la diáspora, el lugar de la memoria africana es un marco para la convergencia de la comunicación y los intercambios culturales, científicos e intelectuales, pero también para la documentación sobre grandes personajes históricos e intelectuales. del mundo negro. Está ubicado en West Corniche más precisamente en la esquina de Rue Aimé Césaire y encierra en su interior la memoria de los pueblos negros, sus mártires, activistas y símbolos de la dignidad africana. Una amplia explanada enfrenta al mar con cuencas que terminan con un mapa monumental de África. La explanada está enmarcada por modernos edificios, un auditorio y dos panteones que albergan la biblioteca y salas de exposiciones. Los paneles presentan a todos los héroes africanos y de la diáspora. Cada mes se organiza un gran memorial en memoria de los grandes hombres que han marcado la historia de África y la diáspora. Hay buen ambiente todas las noches con grupos folclóricos, artistas de cultura urbana y muchos eventos se organizan en el sitio.</p>

Corniche Ouest derrière le Sea plaza

<!-- This site is optimized with the Yoast SEO plugin v27.5 - https://yoast.com/product/yoast-seo-wordpress/ -->
<title>La place du souvenir Africain &#187; Senegal Ndiaye</title>
<meta name="description" content="La place du souvenir Africain : Inauguré en juin 2009 et lieu de rendez-vous du donner et du recevoir du peuple noir et de la diaspora, la place du souvenir africain est un cadre de convergences de communication et d’échanges culturels" />
<meta name="robots" content="index, follow, max-snippet:-1, max-image-preview:large, max-video-preview:-1" />
<link rel="canonical" href="https://senegalndiaye.com/es/listings/la-place-du-souvenir-africain/" />
<meta property="og:locale" content="es_ES" />
<meta property="og:type" content="article" />
<meta property="og:title" content="La place du souvenir Africain &#187; Senegal Ndiaye" />
<meta property="og:description" content="La place du souvenir Africain : Inauguré en juin 2009 et lieu de rendez-vous du donner et du recevoir du peuple noir et de la diaspora, la place du souvenir africain est un cadre de convergences de communication et d’échanges culturels" />
<meta property="og:url" content="https://senegalndiaye.com/es/listings/la-place-du-souvenir-africain/" />
<meta property="og:site_name" content="Senegal Ndiaye" />
<meta property="article:publisher" content="https://www.facebook.com/senegalndiaye4/" />
<meta property="og:image" content="https://senegalndiaye.com/wp-content/uploads/2018/05/place-du-souvenir-dakar.jpg" />
	<meta property="og:image:width" content="681" />
	<meta property="og:image:height" content="450" />
	<meta property="og:image:type" content="image/jpeg" />
<meta name="twitter:card" content="summary_large_image" />
<meta name="twitter:site" content="@Senegalndiaye5" />
<meta name="twitter:label1" content="Tiempo de lectura" />
	<meta name="twitter:data1" content="1 minuto" />
<script type="application/ld+json" class="yoast-schema-graph">{"@context":"https:\/\/schema.org","@graph":[{"@type":"WebPage","@id":"https:\/\/senegalndiaye.com\/listings\/la-place-du-souvenir-africain\/","url":"https:\/\/senegalndiaye.com\/listings\/la-place-du-souvenir-africain\/","name":"La place du souvenir Africain &#187; Senegal Ndiaye","isPartOf":{"@id":"https:\/\/senegalndiaye.com\/#website"},"primaryImageOfPage":{"@id":"https:\/\/senegalndiaye.com\/listings\/la-place-du-souvenir-africain\/#primaryimage"},"image":{"@id":"https:\/\/senegalndiaye.com\/listings\/la-place-du-souvenir-africain\/#primaryimage"},"thumbnailUrl":"https:\/\/i0.wp.com\/senegalndiaye.com\/wp-content\/uploads\/2018\/05\/place-du-souvenir-dakar.jpg?fit=681%2C450&ssl=1","datePublished":"2018-06-04T14:48:13+00:00","description":"La place du souvenir Africain : Inauguré en juin 2009 et lieu de rendez-vous du donner et du recevoir du peuple noir et de la diaspora, la place du souvenir africain est un cadre de convergences de communication et d’échanges culturels","breadcrumb":{"@id":"https:\/\/senegalndiaye.com\/listings\/la-place-du-souvenir-africain\/#breadcrumb"},"inLanguage":"es","potentialAction":[{"@type":"ReadAction","target":["https:\/\/senegalndiaye.com\/listings\/la-place-du-souvenir-africain\/"]}]},{"@type":"ImageObject","inLanguage":"es","@id":"https:\/\/senegalndiaye.com\/listings\/la-place-du-souvenir-africain\/#primaryimage","url":"https:\/\/i0.wp.com\/senegalndiaye.com\/wp-content\/uploads\/2018\/05\/place-du-souvenir-dakar.jpg?fit=681%2C450&ssl=1","contentUrl":"https:\/\/i0.wp.com\/senegalndiaye.com\/wp-content\/uploads\/2018\/05\/place-du-souvenir-dakar.jpg?fit=681%2C450&ssl=1","width":681,"height":450,"caption":"place du souvenir africain"},{"@type":"BreadcrumbList","@id":"https:\/\/senegalndiaye.com\/listings\/la-place-du-souvenir-africain\/#breadcrumb","itemListElement":[{"@type":"ListItem","position":1,"name":"Accueil","item":"https:\/\/senegalndiaye.com\/"},{"@type":"ListItem","position":2,"name":"Lieux","item":"https:\/\/senegalndiaye.com\/tous-les-lieux\/"},{"@type":"ListItem","position":3,"name":"La place du souvenir Africain"}]},{"@type":"WebSite","@id":"https:\/\/senegalndiaye.com\/#website","url":"https:\/\/senegalndiaye.com\/","name":"Senegal Ndiaye","description":"Retrouvez les meilleurs endroits du Sénégal","publisher":{"@id":"https:\/\/senegalndiaye.com\/#organization"},"potentialAction":[{"@type":"SearchAction","target":{"@type":"EntryPoint","urlTemplate":"https:\/\/senegalndiaye.com\/?s={search_term_string}"},"query-input":{"@type":"PropertyValueSpecification","valueRequired":true,"valueName":"search_term_string"}}],"inLanguage":"es"},{"@type":"Organization","@id":"https:\/\/senegalndiaye.com\/#organization","name":"Senegal Ndiaye","url":"https:\/\/senegalndiaye.com\/","logo":{"@type":"ImageObject","inLanguage":"es","@id":"https:\/\/senegalndiaye.com\/#\/schema\/logo\/image\/","url":"https:\/\/senegalndiaye.com\/wp-content\/uploads\/2018\/05\/senegalndiaye_logo.png","contentUrl":"https:\/\/senegalndiaye.com\/wp-content\/uploads\/2018\/05\/senegalndiaye_logo.png","width":150,"height":106,"caption":"Senegal Ndiaye"},"image":{"@id":"https:\/\/senegalndiaye.com\/#\/schema\/logo\/image\/"},"sameAs":["https:\/\/www.facebook.com\/senegalndiaye4\/","https:\/\/x.com\/Senegalndiaye5","https:\/\/www.instagram.com\/senegalndiaye1\/","https:\/\/www.linkedin.com\/company\/senegal-ndiaye\/"]}]}</script>
<!-- / Yoast SEO plugin. -->

El lugar de la memoria africana: Inaugurado en junio de 2009 y un lugar de encuentro para dar y recibir de los negros y la diáspora, el lugar de la memoria africana es un marco para la convergencia de la comunicación y los intercambios culturales.

La place du souvenir Africain : Inauguré en juin 2009 et lieu de rendez-vous du donner et du recevoir du peuple noir et de la diaspora, la place du souvenir africain est un cadre de convergences de communication et d’échanges culturels
